3).
1
Let b(t) = -2*t - 2. Let c = -22 - -18. What is b(c)?
6
Let r(a) = 3*a**2 - 15 - 2*a**2 - 2*a + 13. Let b = 6 + -3. Give r(b).
1
Let a = 6 + -2. Suppose -3 + a = i. Let o(g) be the first derivative of -4*g**3/3 + g**2/2 - g + 2. What is o(i)?
-4
Let i(c) = -9*c**3. Let v(h) = -h. Let m(o) = i(o) + v(o). Determine m(1).
-10
Let w = 16 + -16. Suppose w = -3*j + 7 + 5. Let m(n) = -n**2 + 6*n - 3. What is m(j)?
5
Let a(f) = -f**3 - 5*f**2 + 7*f + 4. Let q(o) = -o**3 - 5*o**2 - 4*o. Let s be q(-3). Calculate a(s).
-2
Let k = -2 + 11. Let d(w) = -w**2 + 8*w + 12. Let p be d(k). Let b(o) = o - 1. Let z(a) = -a + 1. Let y(n) = -4*b(n) - z(n). Determine y(p).
-6
Let o(r) be the first derivative of -r**3/3 - 3*r**2 + r + 17. Determine o(-7).
-6
Let b(w) = -2*w. Suppose -z - 3 = -1. Let v(h) = -h**2 + h. Let f be v(1). Let i = f + z. Give b(i).
4
Let k(n) = 2*n - n**3 + 5*n**2 - 2*n + n - 4. Give k(5).
1
Let n(d) = d. Let c(q) = 2*q**2 + 3*q + 2. Let i be c(-2). Let v be n(i). Suppose -g = 3*g + v. Let w(l) = -2*l - 1. Determine w(g).
1
Let r(t) = -15*t + 26. Let u(i) = 7*i - 13. Suppose -2*m + 59 = -5*g, -4*g + 5*m - 40 = m. Let p(d) = g*u(d) - 6*r(d). Determine p(0).
13
Let s(c) = -7*c + 8. Let o(l) = 20*l - 23. Let z(q) = 6*o(q) + 17*s(q). Calculate z(5).
3
Let a(y) = -6*y**2 + 13*y - 4. Let s(p) = -p**2 + p + 1. Let r(l) = -a(l) + 4*s(l). Calculate r(6).
26
Let s(o) = -o + 5. Let m(r) = -r**3 - 7*r**2 + r + 7. Let g be m(-7). Let h = 3 + g. Suppose 0 = h*j - 0*j. Calculate s(j).
5
Let n(h) be the first derivative of h**2 + 32. Calculate n(5).
10
Let v(j) = -j - 1. Let s be v(4). Suppose -5 = 5*o + 3*d, -31 + 6 = 5*d. Let i(z) = o - 38*z - 5 + 37*z. Give i(s).
2
Let x(d) = 3*d - 3. Let k = -26 - -36. Suppose -5*h + 42 = -2*h. Let a = h - k. Give x(a).
9
Let u(c) = 3*c**2 + 9*c + 2. Let s(t) = -t**2 - t. Let n(p) = 4*s(p) + u(p). Calculate n(5).
2
Let p(g) = -2*g - 2. Let d(w) = -4*w - 4. Let s(n) = 8*n + 8. Let b(c) = -13*d(c) - 6*s(c). Let y(z) = -2*b(z) - 5*p(z). What is y(3)?
8
Let b(u) be the first derivative of u**2/2 - 3*u - 12. Calculate b(6).
3
Let n(l) = -7*l - 2. Suppose 2*p + 0*p - 10 = 0. Let j be (-2)/(-2) - (-11 - -18). Let x(t) = -6*t - 2. Let k(i) = j*x(i) + p*n(i). Determine k(-5).
-3
Let f(m) = -3*m**2 + 5. Let a(l) = 2*l**2 - 4. Let y(d) = -4*a(d) - 3*f(d). Determine y(-1).
2
Let m be 6*(0 - (-2)/4). Suppose 0 = i - 0*r + r - 2, 2*i + m*r = 1. Let t(s) = -s**2 + 5*s + 1. Give t(i).
1
Let y(r) be the third derivative of r**5/60 - r**4/24 - r**3/6 + 18*r**2. Let u be ((-2)/4)/((-1)/4). Determine y(u).
1
Let y(g) = 1 + 4*g**2 - 20*g**3 + g - 7*g**2 + 21*g**3 - 2. Calculate y(3).
2
Let b = 7 - 5. Let o(q) = 5*q + 5*q**2 - 4 + 11*q**3 + 2*q**b - 10*q**3. Determine o(-6).
2
Suppose -t = -3 - 2. Let r(u) = 7*u + 2 - 14*u + 5*u + u. Let k be r(t). Let d(j) = -j**2 - 3*j - 4. Give d(k).
-4
Let n = 0 + 2. Suppose -b = n*t - 3*t + 7, 4*b = 3*t - 24. Let v(l) = 4*l + l - t*l. Give v(2).
2
Suppose 26*b = 25*b + 6. Let n(s) = -s**3 + 5*s**2 + 9*s - 1. Calculate n(b).
17
Let v(d) = 7*d - 1. Let y be 3*(10/6)/5. Let m be v(y). Let z(w) = 0 - 2*w**2 + m*w**2 - 1 - w**2 + w. Determine z(1).
3
Let w(h) = -h. Let z(r) = -7*r + 2. Let n(g) = -2*w(g) + z(g). Suppose 5*j = -3*d + 21, 0 = -2*j - 0*d - 3*d + 12. Calculate n(j).
-13
Suppose 3*g - 2 = -5. Let u = g + 2. Let k be (u*3)/(9/6). Let v(r) = r**2 - 4*r + 3. Calculate v(k).
-1
Let w(g) = -g**3 + 1. Let y(q) = 7*q**3 + 4*q**2 - 8*q - 10. Let d(c) = 6*w(c) + y(c). What is d(-5)?
11
Let f(t) = -t**2 + 4*t - 5. Let o = -7 + 12. Calculate f(o).
-10
Let a = 18 - 7. Let u = -6 + a. Suppose 20 = u*y - y. Let w(l) = 2*l - 6. Give w(y).
4
Let y(b) be the second derivative of b**3/2 + b**2/2 + 35*b + 1. Let p = 3 - 4. Determine y(p).
-2
Let k(f) be the second derivative of f**5/20 + 5*f**4/12 - f**3/2 - f**2/2 + 35*f. What is k(-5)?
14
Suppose -f - 4*o = -2*f + 18, 4*f + o = 4. Suppose f*r = -2*r + 8. Let c(b) = 3*b - 2*b - 4 + r. Determine c(-3).
-5
Suppose 28*a = -18 - 10. Let s(v) = -24*v - 1. Give s(a).
23
Let k(n) = n**3 + 2*n**2 - 3*n + 4. Let c be k(-3). Let w(s) = -1 + s**2 - 2 - s - 3*s. Determine w(c).
-3
Let p(s) = -3*s + 51. Let j be p(20). Let q(r) = -r**2 - 10*r + 4. What is q(j)?
13
Let m be -4 + (-322)/(-77) + 4/(-22). Let g(b) = -b**3 - b**2 + b. Give g(m).
0
Suppose -1 - 2 = -m. Let u(y) = -y**3 + 2 - y**2 - m + 0 - y. Determine u(-1).
0
Let q(v) = v**3 + 4*v**2 + 3*v + 4. Let y be q(-3). Suppose -y*p = 1 - 21. Suppose 2*l = -2*f - 4, -4*l = p*f + 3 + 6. Let b(j) = j**2. Give b(l).
1
Let c(o) = o**2 - 7*o + 5. Let i be c(5). Let m(d) = -3 + 13 - 5 + 5*d + d**2 - 1. Determine m(i).
4
Let y(w) be the first derivative of w**2 - 4*w - 3. Suppose -5*v + 20 + 16 = 4*t, 2*t - 24 = -4*v. What is y(t)?
4
Suppose -4*j + 12 = 0, 4*j = -3*l - 0*j + 24. Suppose -2*o + 3*y - 3 - 5 = 0, 0 = -4*o - 4*y + 24. Let p(n) = -3*n**o + n**3 - n**2 - 6 + 1. Give p(l).
-5
Let q(m) = m + 2. Let y be 36/(-10)*(-25)/10. Let a be q(y). Let k(b) = a*b - b - 3 - 9*b. Determine k(5).
2
Let m(g) = g**2 - 2. Let c be m(5). Suppose -2*p - 4*f + 0*f = 2, 4*f = 5*p - c. Let q(j) = 4*j**2 - 6*j + 0 + j**p - 3 - 3. Calculate q(-5).
-1
Let g(m) = m + 1. Let o(p) = -p**2 + 3*p + 7. Let q be o(5). Let y = 8 + q. Suppose 4*b = 3*b + y. Determine g(b).
6
Let k(c) be the first derivative of -5/2*c**2 + 1/3*c**3 + 7*c + 3. Give k(5).
7
Let m(c) = 2*c**2 + 3*c + 1. Let a(i) = -i + 8. Let s be a(6). Let q(x) = -1 - x**3 + 4*x + 0*x + 2*x**s - 5*x. Let p be q(2). Calculate m(p).
10
Let k be (-366)/(-8) - (-6)/24. Let r be k/14 + (-16)/56. Let d(b) = b - 3. Determine d(r).
0
Let n(r) = -2*r**2 - r. Let u be n(-1). Let p(i) be the second derivative of i + 0 + 1/2*i**2 + 1/5*i**5 + 0*i**4 + 1/6*i**3. What is p(u)?
-4
Let n(k) be the first derivative of k**2 + 4*k + 11. Determine n(-6).
-8
Let i(x) be the first derivative of x**2/2 - 1. Let p(u) be the third derivative of -u**4/12 + u**3/6 + u**2. Let m(h) = -4*i(h) - p(h). Give m(-2).
3
Let c(r) = -r + 8. Let d be -1*(-4 - -4)/1. Determine c(d).
8
Let v(s) be the third derivative of -s**6/120 + s**5/30 + s**4/12 - s**3/3 - 3*s**2. Let t = -46 + 48. Determine v(t).
2
Let w(d) = d**2 + 9*d - 68. Let t be w(-14). Let m(j) = 2*j**2 - 2*j - 1. Calculate m(t).
3
Let n(w) be the second derivative of w**5/20 - w**4/4 - 2*w**3/3 - w**2 + 39*w + 2. What is n(4)?
-2
Let o(g) = -16*g - 2. Let u(l) = -15*l - 3. Let f(k) = -4*o(k) + 3*u(k). What is f(-1)?
-20
Let h(l) = 5 - 4 + 3 + 2*l. Suppose -3 = -3*q + 3*t, -4*q = 3*t - 6*t - 3. Suppose q = 4*a + 4*f - 3*f + 15, 0 = 3*a - 4*f + 35. Determine h(a).
-6
Let o(a) = -3*a**3 - 3 - 7 + 10 - a**2. What is o(-1)?
2
Let t(y) = 3*y + 1 + y**2 + 2 - 9*y. Give t(6).
3
Let q(u) = 2*u**2 + 4*u + 2. Suppose -9 = 5*w + 1. Let i be q(w). Let d(c) = 9*c**i - 5 - 8*c**2 - c + 5*c. Give d(-4).
-5
Let j(g) = -1. Let s(y) = -9*y + 5. Let a(d) = -4*j(d) - s(d). Suppose -2*x - 8 + 12 = 0. Determine a(x).
17
Let h(y) = 0*y**2 - y**3 - 2*y + 3*y**2 - y**2 + 3*y**2. What is h(2)?
8
Let i(p) = -21*p**3 + 3*p**2 + 10*p**3 - 4 - 5*p + 12*p**3. Determine i(-4).
0
Suppose -2*r = 6 + 4. Let o(j) = 10*j**2 - 8*j**2 - 4*j - 3*j**2. Calculate o(r).
-5
Let f(h) = h**3 + 2*h**2 - 10*h - 8. Let x(g) = -g - 1. Let z(b) = f(b) - 5*x(b). Let u be z(-3). Let a(p) = -3 + 4 - 29*p**2 - 2 + 28*p**2 + 5*p. Give a(u).
5
Let h(j) be the second derivative of -j**4/12 + 5*j**3/6 + 4*j**2 - 2*j. Let q be h(6). Let c(d) = 0 + 1 - q*d - 2*d. What is c(1)?
-3
Let a(d) = d**3 - 15*d**2 + 8*d - 7. Let p(b) = -b**2 + b + 1. Let x(l) = a(l) - 6*p(l). Calculate x(9).
5
Suppose -112 - 108 = -4*s. Suppose -s = -4*a - 5*c, -5*a - 5*c = 3 - 73. Suppose 3*x = -5*v + v - 31, x - a = 5*v. Let d(y) = y + 7. Give d(x).
2
Let q = 24061/60 + -401. Let n(t) be the third derivative of -2*t**2 + 0*t - q*t**5 - 1/12*t**4 + 0 + 1/6*t**3. What is n(1)?
-2
Let i(g) = 15*g**3 + g**2 + g - 1. Suppose -3*k = v + 8, -3*k - 2*k - 32 = -3*v. Suppose -4 = -v*f - 0. Determine i(f).
16
Let x = 109 - 112. Let a(s) be the third derivative of 1/3*s**3 + 0*s + 0 + 1/24*s**4 + 2*s**2. Determine a(x).
-1
Let t(c) = 2*c + 16. Let r(l) = 3*l + 24. Let a(o) = 5*r(o) - 8*t(o). Let f(s) = s**3 + 4*s**2 + 2*s + 4. Let q be f(-4). Determine 